8) in base 12?
26
What is 4 (base 9) in base 13?
4
What is 0 (base 2) in base 15?
0
Convert 1 (base 15) to base 11.
1
322 (base 4) to base 5
213
What is -236 (base 9) in base 6?
-523
Convert -139 (base 13) to base 5.
-1332
Convert 6 (base 12) to base 5.
11
-27 (base 8) to base 2
-10111
What is -3203 (base 4) in base 2?
-11100011
What is 0 (base 11) in base 5?
0
Convert -47 (base 10) to base 15.
-32
Convert -1 (base 16) to base 11.
-1
-2 (base 9) to base 12
-2
Convert 201 (base 3) to base 2.
10011
Convert -9 (base 13) to base 14.
-9
Convert -51 (base 6) to base 2.
-11111
-314 (base 5) to base 12
-70
-3 (base 15) to base 14
-3
What is 3 (base 10) in base 15?
3
What is -2 (base 3) in base 11?
-2
Convert -3 (base 12) to base 4.
-3
1 (base 10) to base 15
1
Convert -411 (base 5) to base 3.
-10221
What is 2 (base 5) in base 14?
2
Convert -23 (base 8) to base 12.
-17
What is 0 (base 14) in base 2?
0
What is 366 (base 9) in base 11?
256
432 (base 6) to base 14
ba
What is -96 (base 14) in base 16?
-84
65 (base 11) to base 12
5b
Convert 5 (base 10) to base 6.
5
Convert -123 (base 4) to base 13.
-21
Convert 123 (base 10) to base 9.
146
What is 7 (base 13) in base 6?
11
Convert -31 (base 5) to base 10.
-16
What is 1b (base 14) in base 5?
100
Convert -6 (base 15) to base 6.
-10
-29 (base 14) to base 4
-211
What is -7 (base 10) in base 9?
-7
Convert -240 (base 6) to base 9.
-116
What is -2 (base 9) in base 14?
-2
0 (base 14) to base 7
0
What is -1 (base 3) in base 5?
-1
Convert 1110 (base 3) to base 5.
124
1 (base 14) to base 4
1
What is 1 (base 5) in base 14?
1
-8 (base 10) to base 15
-8
-111 (base 5) to base 16
-1f
Convert -20 (base 8) to base 14.
-12
What is 131 (base 7) in base 3?
2122
-4 (base 11) to base 9
-4
What is 0 (base 14) in base 10?
0
What is 5 (base 9) in base 6?
5
1 (base 5) to base 14
1
What is 10 (base 8) in base 15?
8
What is 20000 (base 3) in base 15?
ac
1 (base 6) to base 10
1
What is 10111 (base 2) in base 5?
43
Convert 2 (base 9) to base 10.
2
What is -45 (base 13) in base 11?
-52
Convert c3 (base 14) to base 10.
171
-26 (base 16) to base 7
-53
Convert c (base 13) to base 11.
11
Convert -56 (base 7) to base 6.
-105
Convert -1110101 (base 2) to base 12.
-99
What is -9 (base 10) in base 13?
-9
What is 40 (base 16) in base 3?
2101
4 (base 13) to base 3
11
What is 4 (base 9) in base 2?
100
Convert -9 (base 10) to base 2.
-1001
-2 (base 13) to base 4
-2
Convert -1001010 (base 2) to base 5.
-244
What is 0 (base 11) in base 15?
0
2 (base 14) to base 9
2
Convert 1 (base 16) to base 7.
1
75 (base 10) to base 13
5a
What is 13 (base 8) in base 11?
10
-19 (base 14) to base 10
-23
Convert -3f (base 16) to base 15.
-43
3 (base 6) to base 14
3
-20201 (base 3) to base 15
-c1
Convert 303 (base 5) to base 3.
2220
12 (base 15) to base 6
25
-451 (base 8) to base 16
-129
3 (base 13) to base 10
3
100 (base 2) to base 3
11
4 (base 14) to base 16
4
What is -100011000 (base 2) in base 3?
-101101
What is 2031 (base 4) in base 10?
141
Convert -2 (base 5) to base 4.
-2
Convert 223 (base 5) to base 12.
53
Convert -22 (base 6) to base 7.
-20
What is -101111010 (base 2) in base 7?
-1050
-121 (base 3) to base 5
-31
What is -4 (base 6) in base 8?
-4
What is -10 (base 15) in base 8?
-17
What is -7 (base 15) in base 4?
-13
What is 31 (base 13) in base 6?
104
What is 4 (base 14) in base 13?
4
What is 12 (base 14) in base 3?
121
-210 (base 3) to base 7
-30
Convert -11000 (base 3) to base 9.
-130
Convert 3 (base 14) to base 16.
3
What is -2 (base 11) in base 12?
-2
Convert 111 (base 6) to base 7.
61
What is -11 (base 10) in base 13?
-b
Convert c (base 13) to base 6.
20
Convert -12 (base 8) to base 7.
-13
Convert -102111 (base 3) to base 4.
-10312
5c (base 16) to base 13
71
Convert 14 (base 9) to base 11.
12
What is 3 (base 14) in base 4?
3
What is -15 (base 9) in base 10?
-14
What is -5 (base 12) in base 5?
-10
Convert -2d (base 14) to base 12.
-35
Convert 22 (base 5) to base 8.
14
Convert 16 (base 10) to base 4.
100
22 (base 3) to base 12
8
Convert 41 (base 11) to base 9.
50
What is -83 (base 16) in base 2?
-10000011
16 (base 11) to base 12
15
-2 (base 5) to base 10
-2
421 (base 7) to base 11
182
-133 (base 9) to base 11
-a1
Convert -3 (base 6) to base 3.
-10
Convert -76 (base 8) to base 11.
-57
Convert -3 (base 16) to base 6.
-3
-26 (base 7) to base 12
-18
Convert 4 (base 14) to base 3.
11
-32 (base 8) to base 12
-22
-21 (base 5) to base 11
-10
-30 (base 10) to base 5
-110
Convert -4c (base 14) to base 4.
-1010
-118 (base 12) to base 13
-c8
What is 29 (base 10) in base 12?
25
Convert 161 (base 14) to base 13.
188
Convert -6 (base 10) to base 2.
-110
What is 10010100 (base 2) in base 11?
125
What is -e4 (base 15) in base 2?
-11010110
-3 (base 6) to base 2
-11
2032 (base 5) to base 7
531
What is -243 (base 6) in base 4?
-1203
10102 (base 3) to base 6
232
0 (base 13) to base 14
0
What is 253 (base 10) in base 11?
210
Convert 14 (base 6) to base 13.
a
What is -34 (base 11) in base 9?
-41
201 (base 6) to base 15
4d
What is 2 (base 15) in base 11?
2
Convert 0 (base 6) to base 3.
0
What is 1000 (base 2) in base 13?
8
Convert 14 (base 6) to base 13.
a
a (base 16) to base 10
10
Convert 1 (base 2) to base 6.
1
What is 110000 (base 2) in base 15?
33
Convert 185 (base 10) to base 12.
135
21 (base 7) to base 3
120
b7 (base 13) to base 15
a0
What is 0 (base 10) in base 14?
0
-56 (base 8) to base 10
-46
What is -10 (base 2) in base 15?
-2
-2 (base 16) to base 14
-2
2b (base 15) to base 9
45
Convert 0 (base 14) to base 5.
0
What is -13 (base 7) in base 4?
-22
What is 20 (base 4) in base 7?
11
What is 131 (base 11) in base 2?
10011011
Convert -3 (base 4) to base 15.
-3
What is -11 (base 4) in base 14?
-5
Convert 551 (base 7) to base 16.
119
What is 1 (base 14) in base 10?
1
What is 1 (base 10) in base 4?
1
Convert 7 (base 12) to base 5.
12
Convert 7 (base 8) to base 15.
7
-1012 (base 4) to base 2
-1000110
1 (base 12) to base 13
1
-13 (base 12) to base 10
-15
18 (base 9) to base 2
10001
Convert 8 (base 15) to base 16.
8
What is 5 (base 12) in base 11?
5
Convert b (base 12) to base 16.
b
What is 3 (base 8) in base 7?
3
11 (base 8) to base 7
12
What is 3 (base 12) in base 13?
3
What is -146 (base 14) in base 9?
-316
Convert -101 (base 2) to base 12.
-5
What is -29 (base 10) in base 8?
-35
What is -112 (base 14) in base 9?
-255
204 (base 6) to base 10
76
What is 120 (base 3) in base 9?
16
0 (base 8) to base 13
0
What is 100000 (base 2) in base 6?
52
What is 0 (base 12) in base 16?
0
0 (base 9) to base 10
0
Convert 1 (base 16) to base 12.
1
What is 2 (base 10) in base 8?
2
Convert -2 (base 7) to base 11.
-2
What is -24 (base 9) in base 13?
-19
What is 1112 (base 4) in base 6?
222
30 (base 5) to base 13
12
Convert 6 (base 16) to base 4.
12
-11 (base 2) to base 12
-3
Convert 5 (base 6) to base 9.
5
Convert -12 (base 4) to base 2.
-110
4 (base 5) to base 12
4
10 (base 5) to base 9
5
Convert 8 (base 9) to base 7.
11
Convert -30 (base 9) to base 5.
-102
-3 (base 14) to base 16
-3
What is -1 (base 10) in base 14?
-1
-9 (base 12) to base 9
-10
-140 (base 8) to base 9
-116
4 (base 5) to base 8
4
Convert 53 (base 12) to base 3.
2100
Convert 67 (base 9) to base 13.
49
What is -1110 (base 2) in base 10?
-14
What is 1001 (base 2) in base 12?
9
Convert 16 (base 9) to base 2.
1111
Convert 4 (base 9) to base 8.
4
What is -21 (base 4) in base 12?
-9
-110 (base 3) to base 8
-14
What is 52 (base 9) in base 16?
2f
-26 (base 12) to base 3
-1010
177 (base 8) to base 7
241
Convert -4 (base 5) to base 10.
-4
Convert 3 (base 8) to base 16.
3
-14 (base 15) to base 13
-16
What is 167 (base 9) in base 7?
262
0 (base 9) to base 6
0
What is -20 (base 6) in base 12?
-10
Convert 3 (base 9) to base 3.
10
What is -6c (base 15) in base 8?
-146
Convert 4 (base 9) to base 5.
4
What is -10 (base 12) in base 13?
-c
What is 1 (base 2) in base 12?
1
20 (base 7) to base 12
12
5 (base 8) to base 5
10
-11 (base 15) to base 11
-15
Convert 3 (base 14) to base 13.
3
1112 (base 4) to base 13
68
Convert -3e (base 16) to base 4.
-332
Convert 2100 (base 3) to base 7.
120
What is 10 (base 4) in base 14?
4
-5 (base 7) to base 5
-10
41 (base 6) to base 16
19
What is -1 (base 14) in base 8?
-1
What is 73 (base 10) in base 11?
67
What is -61